{"id":1497,"date":"2023-05-04T13:13:03","date_gmt":"2023-05-04T11:13:03","guid":{"rendered":"http:\/\/wordpress2363517.home.pl\/ptdl\/?page_id=1497"},"modified":"2023-05-04T13:23:12","modified_gmt":"2023-05-04T11:23:12","slug":"sklad-zarzadu-glownego-kadencja-2017-2022","status":"publish","type":"page","link":"https:\/\/ptdl.pl\/index.php\/sklad-zarzadu-glownego-kadencja-2017-2022\/","title":{"rendered":"Sk\u0142ad Zarz\u0105du G\u0142\u00f3wnego kadencja 2017-2022"},"content":{"rendered":"<div id='av_section_1'  class='avia-section av-49k47-5b870539ee8df997a612fb1b7a10bee3 main_color avia-section-default avia-no-border-styling  avia-builder-el-0  avia-builder-el-no-sibling  avia-bg-style-scroll av-minimum-height av-minimum-height-75  container_wrap fullsize'   data-av_minimum_height_pc='75'><div class='container av-section-cont-open' ><main  role=\"main\" itemprop=\"mainContentOfPage\"  class='template-page content  av-content-full alpha units'><div class='post-entry post-entry-type-page post-entry-1497'><div class='entry-content-wrapper clearfix'>\n<section  class='av_textblock_section av-le8ggnls-f5ad815dcaf98acb04a680b98fdcef2d'  itemscope=\"itemscope\" itemtype=\"https:\/\/schema.org\/CreativeWork\" ><div class='avia_textblock mp-naglowek-specjalny1-class'  itemprop=\"text\" ><p style=\"text-align: center;\"><strong>Zarz\u0105d G\u0142\u00f3wny Kadencji 2017-2022<\/strong><\/p>\n<hr \/>\n<\/div><\/section>\n<section  class='av_textblock_section av-lh913avw-987d2a5ef710837a68698eb4199226d6'  itemscope=\"itemscope\" itemtype=\"https:\/\/schema.org\/CreativeWork\" ><div class='avia_textblock'  itemprop=\"text\" ><table width=\"100%\">\n<tbody>\n<tr>\n<td width=\"100%\"><span style=\"font-size: 10pt;\">Prezes<br \/>\n<\/span><span style=\"font-size: 10pt;\"><strong>Dr hab. n. med. Anna Mertas, prof. SUM<br \/>\n<\/strong><\/span><span style=\"font-size: 10pt;\"><em>Katedra i Zak\u0142ad Mikrobiologii i Immunologii, \u015al\u0105ski Uniwersytet Medyczny w Katowicach<\/em><\/span><\/td>\n<\/tr>\n<tr>\n<td width=\"100%\"><span style=\"font-size: 10pt;\">Wiceprezes<br \/>\n<\/span><span style=\"font-size: 10pt;\"><strong>Prof. dr hab. n. med. Milena D\u0105browska<br \/>\n<\/strong><\/span><span style=\"font-size: 10pt;\"><em>Zak\u0142ad Diagnostyki Biochemicznej, Uniwersytet Medyczny w Bia\u0142ymstoku<\/em><\/span><\/td>\n<\/tr>\n<tr>\n<td width=\"100%\"><span style=\"font-size: 10pt;\">Wiceprezes<br \/>\n<\/span><span style=\"font-size: 10pt;\"><strong>Prof. dr. hab. n. med. Bogdan Solnica<br \/>\n<\/strong><\/span><span style=\"font-size: 10pt;\"><em>Katedra Biochemii Klinicznej, Uniwersytet Jagiello\u0144ski Collegium Medicum w Krakowie<\/em><\/span><\/td>\n<\/tr>\n<tr>\n<td width=\"100%\"><span style=\"font-size: 10pt;\">Sekretarz<br \/>\n<\/span><span style=\"font-size: 10pt;\"><strong>Dr n. farm. S\u0142awomir Bia\u0142ek<br \/>\n<\/strong><\/span><span style=\"font-size: 10pt;\"><em>Katedra Biochemii i Chemii Klinicznej, Warszawski Uniwersytet Medyczny<\/em><\/span><\/td>\n<\/tr>\n<tr>\n<td width=\"100%\"><span style=\"font-size: 10pt;\">Skarbnik<br \/>\n<\/span><span style=\"font-size: 10pt;\"><strong>Dr n. med. Lidia Basta<br \/>\n<\/strong><\/span><span style=\"font-size: 10pt;\"><em>Katedra i Zak\u0142ad Mikrobiologii i Immunologii, \u015al\u0105ski Uniwersytet Medyczny w Katowicach<\/em><\/span><\/td>\n<\/tr>\n<tr>\n<td width=\"100%\"><span style=\"font-size: 10pt;\"><strong>Dr hab. Iwona Bil-Lula, prof. UMW<br \/>\n<\/strong><\/span><em><span style=\"font-size: 10pt;\">Katedra Analityki Medycznej, Uniwersytet Medyczny we Wroc\u0142awiu<\/span><\/em><\/td>\n<\/tr>\n<tr>\n<td width=\"100%\"><span style=\"font-size: 10pt;\"><strong>Prof. dr hab. n. med. <\/strong><strong>Barbara B\u0142o\u0144ska-Fajfrowska<br \/>\n<\/strong><\/span><span style=\"font-size: 10pt;\"><em>Katedra i Zak\u0142ad Podstawowych Nauk Biomedycznych, <\/em><em>\u015al\u0105ski Uniwersytet Medyczny w Katowicach<\/em><\/span><\/td>\n<\/tr>\n<tr>\n<td width=\"100%\"><span style=\"font-size: 10pt;\"><strong>Dr hab. n. med. Olga Ciepiela<br \/>\n<\/strong><\/span><span style=\"font-size: 10pt;\"><em>Zak\u0142ad Medycyny Laboratoryjnej, Warszawski Uniwersytet Medyczny<\/em><\/span><\/td>\n<\/tr>\n<tr>\n<td width=\"100%\"><span style=\"font-size: 10pt;\"><strong>Dr n. med. Katarzyna Fischer<br \/>\n<\/strong><\/span><span style=\"font-size: 10pt;\"><em>Laboratorium Kliniki Reumatologii Samodzielnego Publicznego Szpitala Klinicznego nr 1, Pomorski Uniwersytet Medyczny w Szczecinie<\/em><\/span><\/td>\n<\/tr>\n<tr>\n<td width=\"100%\"><span style=\"font-size: 10pt;\"><strong>Mgr Marcin Matysiak<br \/>\n<\/strong><\/span><span style=\"font-size: 10pt;\"><em>Kliniczny Zak\u0142ad Diagnostyki Laboratoryjnej, Kliniczny Szpital Wojew\u00f3dzki w Rzeszowie<\/em><\/span><\/td>\n<\/tr>\n<tr>\n<td width=\"100%\"><span style=\"font-size: 10pt;\"><strong>Dr n. med. W\u0142odzimierz Paw\u0142owski<br \/>\n<\/strong><\/span><span style=\"font-size: 10pt;\"><em>Szpital Wojew\u00f3dzki w Poznaniu<\/em><\/span><\/td>\n<\/tr>\n<tr>\n<td width=\"100%\"><span style=\"font-size: 10pt;\"><strong>Dr n. med. Urszula Rychlik<br \/>\n<\/strong><\/span><span style=\"font-size: 10pt;\"><em>Zak\u0142ad Analityki i Biochemii Klinicznej, Narodowy Instytut Onkologii &#8211; Pa\u0144stwowy Instytut Badawczy w Krakowie<\/em><\/span><\/td>\n<\/tr>\n<tr>\n<td width=\"100%\"><span style=\"font-size: 10pt;\"><strong>Dr Anna R<\/strong><strong>aszeja-Specht<br \/>\n<\/strong><\/span><span style=\"font-size: 10pt;\"><em>Zak\u0142ad Medycyny Laboratoryjnej Katedra Biochemii Klinicznej Gda\u0144ski Uniwersytet Medyczny<\/em><\/span><\/td>\n<\/tr>\n<tr>\n<td width=\"100%\"><span style=\"font-size: 10pt;\"><strong>Prof. Dr n. med. Maciej Szmitkowski<br \/>\n<\/strong><\/span><span style=\"font-size: 10pt;\"><em>Zak\u0142ad Diagnostyki Biochemicznej, Uniwersytet Medyczny w Bia\u0142ymstoku<\/em><\/span><\/td>\n<\/tr>\n<tr>\n<td width=\"100%\"><span style=\"font-size: 10pt;\"><strong>Dr hab. n. farm. Gra\u017cyna Sygitowicz<br \/>\n<\/strong><\/span><span style=\"font-size: 10pt;\"><em>Katedra Biochemii I Chemii Klinicznej, Warszawski Uniwersytet Medyczny<\/em><\/span><\/td>\n<\/tr>\n<tr>\n<td width=\"100%\"><span style=\"font-size: 10pt;\"><strong>Dr n. med. Rafa\u0142 Wlaze\u0142<br \/>\n<\/strong><\/span><span style=\"font-size: 10pt;\"><em>Zak\u0142ad Diagnostyki Laboratoryjnej i Biochemii Klinicznej, Uniwersytet Medyczny w \u0141odzi<\/em><\/span><\/td>\n<\/tr>\n<tr>\n<td width=\"100%\"><span style=\"font-size: 10pt;\"><strong>Dr hab. n. med. Ewa Wysocka<br \/>\n<\/strong><\/span><span style=\"font-size: 10pt;\"><em>Katedra i Zak\u0142ad Diagnostyki Laboratoryjnej, Szpital Kliniczny Przemienienia Pa\u0144skiego, Uniwersytet Medyczny w Poznaniu<\/em><\/span><\/td>\n<\/tr>\n<\/tbody>\n<\/table>\n<\/div><\/section>\n<section  class='av_textblock_section av-le2qv4sq-d5bd198c8d1032506efdd1ef54030ab2'  itemscope=\"itemscope\" itemtype=\"https:\/\/schema.org\/CreativeWork\" ><div class='avia_textblock'  itemprop=\"text\" ><p style=\"text-align: center;\"><strong>G\u0142\u00f3wna Komisja Rewizyjna kadencji 2017-2022<\/strong><\/p>\n<table>\n<tbody>\n<tr>\n<td width=\"1046\"><span style=\"font-size: 10pt;\"><strong>Prof. dr hab. n. med. <\/strong><strong>Lech Chrostek<\/strong> &#8211; przewodnicz\u0105cy<br \/>\n<\/span><span style=\"font-size: 10pt;\"><em>Zak\u0142ad Diagnostyki Biochemicznej, Uniwersytet Medyczny w Bia\u0142ymstoku<\/em><\/span><\/td>\n<\/tr>\n<tr>\n<td width=\"1046\"><span style=\"font-size: 10pt;\"><strong>Mgr Aleksandra Frydrych<\/strong> \u2013 zast\u0119pca przewodnicz\u0105cego<br \/>\n<\/span><span style=\"font-size: 10pt;\"><em>Katedra i Oddzia\u0142 Kliniczny Chor\u00f3b Wewn\u0119trznych, Dermatologii i Alergologii,\u00a0\u015al\u0105ski Uniwersytet Medyczny<\/em><\/span><\/td>\n<\/tr>\n<tr>\n<td width=\"1046\"><span style=\"font-size: 10pt;\"><strong>Dr n. med.<\/strong> <strong>Ma\u0142gorzata Jekiel-J\u00f3\u017awiak<\/strong> <strong>&#8211; <\/strong>sekretarz<\/span><br \/>\n<span style=\"font-size: 10pt;\"><em>109 Szpital Wojskowy z Przychodni\u0105 w Szczecinie<\/em><\/span><\/td>\n<\/tr>\n<tr>\n<td width=\"1046\"><span style=\"font-size: 10pt;\"><strong>Dr Jolanta Kaufmann \u2013 zast\u0119pca <\/strong>cz\u0142onka<\/span><br \/>\n<span style=\"font-size: 10pt;\"><em>Zak\u0142ad Laboratoryjnej Diagnostyki Pediatrycznej, Uniwersytet Medyczny w Bia\u0142ymstoku<\/em><\/span><\/td>\n<\/tr>\n<\/tbody>\n<\/table>\n<\/div><\/section>\n<section  class='av_textblock_section av-lh91ag2l-3e30d18734d239e470cbec2c81a71474'  itemscope=\"itemscope\" itemtype=\"https:\/\/schema.org\/CreativeWork\" ><div class='avia_textblock'  itemprop=\"text\" ><p style=\"text-align: center;\"><strong>S\u0105d Kole\u017ce\u0144ski kadencji 2017-2022<\/strong><\/p>\n<table>\n<tbody>\n<tr>\n<td width=\"1046\"><span style=\"font-size: 10pt;\"><strong>Dr Jacek Majda &#8211;\u00a0<\/strong>przewodnicz\u0105cy<\/span><br \/>\n<span style=\"font-size: 10pt;\"><em>Zak\u0142ad Diagnostyki Laboratoryjnej, 4 Wojskowy Szpital Kliniczny w Wroc\u0142awiu<\/em><\/span><\/td>\n<\/tr>\n<tr>\n<td width=\"1046\"><span style=\"font-size: 10pt;\"><strong>Mgr Ewa Brzezi\u0144ska<br \/>\n<\/strong><\/span><span style=\"font-size: 10pt;\"><em>Zak\u0142ad Diagnostyki Laboratoryjnej, Samodzielny Publiczny ZOZ w Sulechowie<\/em><\/span><\/td>\n<\/tr>\n<tr>\n<td width=\"1046\"><span style=\"font-size: 10pt;\"><strong>Dr hab. Agnieszka Jankowska-Kulawy <\/strong><\/span><br \/>\n<span style=\"font-size: 10pt;\"><em>Zak\u0142ad Medycyny Laboratoryjnej Katedra Biochemii Klinicznej, Gda\u0144ski Uniwersytet Medyczny<\/em><\/span><\/td>\n<\/tr>\n<tr>\n<td width=\"1046\"><span style=\"font-size: 10pt;\"><strong>Dr Magdalena Lampka<\/strong><\/span><br \/>\n<span style=\"font-size: 10pt;\"><em>Katedra Patobiochemii i Chemii Klinicznej, Uniwersytetu Medycznego w Bydgoszczy<\/em><\/span><\/td>\n<\/tr>\n<tr>\n<td width=\"1046\"><span style=\"font-size: 10pt;\"><strong>Dr hab. Ma\u0142gorzata Rusak<br \/>\n<\/strong><\/span><span style=\"font-size: 10pt;\"><em>Zak\u0142ad Diagnostyki Hematologicznej, Uniwersytet Medyczny w Bia\u0142ymstoku<\/em><\/span><\/td>\n<\/tr>\n<\/tbody>\n<\/table>\n<\/div><\/section>\n\n","protected":false},"excerpt":{"rendered":"","protected":false},"author":1,"featured_media":0,"parent":0,"menu_order":0,"comment_status":"closed","ping_status":"closed","template":"","meta":{"footnotes":""},"class_list":["post-1497","page","type-page","status-publish","hentry"],"_links":{"self":[{"href":"https:\/\/ptdl.pl\/index.php\/wp-json\/wp\/v2\/pages\/1497","targetHints":{"allow":["GET"]}}],"collection":[{"href":"https:\/\/ptdl.pl\/index.php\/wp-json\/wp\/v2\/pages"}],"about":[{"href":"https:\/\/ptdl.pl\/index.php\/wp-json\/wp\/v2\/types\/page"}],"author":[{"embeddable":true,"href":"https:\/\/ptdl.pl\/index.php\/wp-json\/wp\/v2\/users\/1"}],"replies":[{"embeddable":true,"href":"https:\/\/ptdl.pl\/index.php\/wp-json\/wp\/v2\/comments?post=1497"}],"version-history":[{"count":10,"href":"https:\/\/ptdl.pl\/index.php\/wp-json\/wp\/v2\/pages\/1497\/revisions"}],"predecessor-version":[{"id":1510,"href":"https:\/\/ptdl.pl\/index.php\/wp-json\/wp\/v2\/pages\/1497\/revisions\/1510"}],"wp:attachment":[{"href":"https:\/\/ptdl.pl\/index.php\/wp-json\/wp\/v2\/media?parent=1497"}],"curies":[{"name":"wp","href":"https:\/\/api.w.org\/{rel}","templated":true}]}}

Skład Zarządu Głównego kadencja 2017-2022

<div id='av_section_1'  class='avia-section av-49k47-5b870539ee8df997a612fb1b7a10bee3 main_color avia-section-default avia-no-border-styling  avia-builder-el-0  avia-builder-el-no-sibling  avia-bg-style-scroll av-minimum-height av-minimum-height-75  container_wrap fullsize'   data-av_minimum_height_pc='75'><div class='container av-section-cont-open' ><main  role="main" itemprop="mainContentOfPage"  class='template-page content  av-content-full alpha units'><div class='post-entry post-entry-type-page post-entry-1497'><div class='entry-content-wrapper clearfix'>
<section  class='av_textblock_section av-le8ggnls-f5ad815dcaf98acb04a680b98fdcef2d'  itemscope="itemscope" itemtype="https://schema.org/CreativeWork" ><div class='avia_textblock mp-naglowek-specjalny1-class'  itemprop="text" ><p style="text-align: center;"><strong>Zarząd Główny Kadencji 2017-2022</strong></p>
<hr />
</div></section>
<section  class='av_textblock_section av-lh913avw-987d2a5ef710837a68698eb4199226d6'  itemscope="itemscope" itemtype="https://schema.org/CreativeWork" ><div class='avia_textblock'  itemprop="text" ><table width="100%">
<tbody>
<tr>
<td width="100%"><span style="font-size: 10pt;">Prezes<br />
</span><span style="font-size: 10pt;"><strong>Dr hab. n. med. Anna Mertas, prof. SUM<br />
</strong></span><span style="font-size: 10pt;"><em>Katedra i Zakład Mikrobiologii i Immunologii, Śląski Uniwersytet Medyczny w Katowicach</em></span></td>
</tr>
<tr>
<td width="100%"><span style="font-size: 10pt;">Wiceprezes<br />
</span><span style="font-size: 10pt;"><strong>Prof. dr hab. n. med. Milena Dąbrowska<br />
</strong></span><span style="font-size: 10pt;"><em>Zakład Diagnostyki Biochemicznej, Uniwersytet Medyczny w Białymstoku</em></span></td>
</tr>
<tr>
<td width="100%"><span style="font-size: 10pt;">Wiceprezes<br />
</span><span style="font-size: 10pt;"><strong>Prof. dr. hab. n. med. Bogdan Solnica<br />
</strong></span><span style="font-size: 10pt;"><em>Katedra Biochemii Klinicznej, Uniwersytet Jagielloński Collegium Medicum w Krakowie</em></span></td>
</tr>
<tr>
<td width="100%"><span style="font-size: 10pt;">Sekretarz<br />
</span><span style="font-size: 10pt;"><strong>Dr n. farm. Sławomir Białek<br />
</strong></span><span style="font-size: 10pt;"><em>Katedra Biochemii i Chemii Klinicznej, Warszawski Uniwersytet Medyczny</em></span></td>
</tr>
<tr>
<td width="100%"><span style="font-size: 10pt;">Skarbnik<br />
</span><span style="font-size: 10pt;"><strong>Dr n. med. Lidia Basta<br />
</strong></span><span style="font-size: 10pt;"><em>Katedra i Zakład Mikrobiologii i Immunologii, Śląski Uniwersytet Medyczny w Katowicach</em></span></td>
</tr>
<tr>
<td width="100%"><span style="font-size: 10pt;"><strong>Dr hab. Iwona Bil-Lula, prof. UMW<br />
</strong></span><em><span style="font-size: 10pt;">Katedra Analityki Medycznej, Uniwersytet Medyczny we Wrocławiu</span></em></td>
</tr>
<tr>
<td width="100%"><span style="font-size: 10pt;"><strong>Prof. dr hab. n. med. </strong><strong>Barbara Błońska-Fajfrowska<br />
</strong></span><span style="font-size: 10pt;"><em>Katedra i Zakład Podstawowych Nauk Biomedycznych, </em><em>Śląski Uniwersytet Medyczny w Katowicach</em></span></td>
</tr>
<tr>
<td width="100%"><span style="font-size: 10pt;"><strong>Dr hab. n. med. Olga Ciepiela<br />
</strong></span><span style="font-size: 10pt;"><em>Zakład Medycyny Laboratoryjnej, Warszawski Uniwersytet Medyczny</em></span></td>
</tr>
<tr>
<td width="100%"><span style="font-size: 10pt;"><strong>Dr n. med. Katarzyna Fischer<br />
</strong></span><span style="font-size: 10pt;"><em>Laboratorium Kliniki Reumatologii Samodzielnego Publicznego Szpitala Klinicznego nr 1, Pomorski Uniwersytet Medyczny w Szczecinie</em></span></td>
</tr>
<tr>
<td width="100%"><span style="font-size: 10pt;"><strong>Mgr Marcin Matysiak<br />
</strong></span><span style="font-size: 10pt;"><em>Kliniczny Zakład Diagnostyki Laboratoryjnej, Kliniczny Szpital Wojewódzki w Rzeszowie</em></span></td>
</tr>
<tr>
<td width="100%"><span style="font-size: 10pt;"><strong>Dr n. med. Włodzimierz Pawłowski<br />
</strong></span><span style="font-size: 10pt;"><em>Szpital Wojewódzki w Poznaniu</em></span></td>
</tr>
<tr>
<td width="100%"><span style="font-size: 10pt;"><strong>Dr n. med. Urszula Rychlik<br />
</strong></span><span style="font-size: 10pt;"><em>Zakład Analityki i Biochemii Klinicznej, Narodowy Instytut Onkologii &#8211; Państwowy Instytut Badawczy w Krakowie</em></span></td>
</tr>
<tr>
<td width="100%"><span style="font-size: 10pt;"><strong>Dr Anna R</strong><strong>aszeja-Specht<br />
</strong></span><span style="font-size: 10pt;"><em>Zakład Medycyny Laboratoryjnej Katedra Biochemii Klinicznej Gdański Uniwersytet Medyczny</em></span></td>
</tr>
<tr>
<td width="100%"><span style="font-size: 10pt;"><strong>Prof. Dr n. med. Maciej Szmitkowski<br />
</strong></span><span style="font-size: 10pt;"><em>Zakład Diagnostyki Biochemicznej, Uniwersytet Medyczny w Białymstoku</em></span></td>
</tr>
<tr>
<td width="100%"><span style="font-size: 10pt;"><strong>Dr hab. n. farm. Grażyna Sygitowicz<br />
</strong></span><span style="font-size: 10pt;"><em>Katedra Biochemii I Chemii Klinicznej, Warszawski Uniwersytet Medyczny</em></span></td>
</tr>
<tr>
<td width="100%"><span style="font-size: 10pt;"><strong>Dr n. med. Rafał Wlazeł<br />
</strong></span><span style="font-size: 10pt;"><em>Zakład Diagnostyki Laboratoryjnej i Biochemii Klinicznej, Uniwersytet Medyczny w Łodzi</em></span></td>
</tr>
<tr>
<td width="100%"><span style="font-size: 10pt;"><strong>Dr hab. n. med. Ewa Wysocka<br />
</strong></span><span style="font-size: 10pt;"><em>Katedra i Zakład Diagnostyki Laboratoryjnej, Szpital Kliniczny Przemienienia Pańskiego, Uniwersytet Medyczny w Poznaniu</em></span></td>
</tr>
</tbody>
</table>
</div></section>
<section  class='av_textblock_section av-le2qv4sq-d5bd198c8d1032506efdd1ef54030ab2'  itemscope="itemscope" itemtype="https://schema.org/CreativeWork" ><div class='avia_textblock'  itemprop="text" ><p style="text-align: center;"><strong>Główna Komisja Rewizyjna kadencji 2017-2022</strong></p>
<table>
<tbody>
<tr>
<td width="1046"><span style="font-size: 10pt;"><strong>Prof. dr hab. n. med. </strong><strong>Lech Chrostek</strong> &#8211; przewodniczący<br />
</span><span style="font-size: 10pt;"><em>Zakład Diagnostyki Biochemicznej, Uniwersytet Medyczny w Białymstoku</em></span></td>
</tr>
<tr>
<td width="1046"><span style="font-size: 10pt;"><strong>Mgr Aleksandra Frydrych</strong> – zastępca przewodniczącego<br />
</span><span style="font-size: 10pt;"><em>Katedra i Oddział Kliniczny Chorób Wewnętrznych, Dermatologii i Alergologii, Śląski Uniwersytet Medyczny</em></span></td>
</tr>
<tr>
<td width="1046"><span style="font-size: 10pt;"><strong>Dr n. med.</strong> <strong>Małgorzata Jekiel-Jóźwiak</strong> <strong>&#8211; </strong>sekretarz</span><br />
<span style="font-size: 10pt;"><em>109 Szpital Wojskowy z Przychodnią w Szczecinie</em></span></td>
</tr>
<tr>
<td width="1046"><span style="font-size: 10pt;"><strong>Dr Jolanta Kaufmann – zastępca </strong>członka</span><br />
<span style="font-size: 10pt;"><em>Zakład Laboratoryjnej Diagnostyki Pediatrycznej, Uniwersytet Medyczny w Białymstoku</em></span></td>
</tr>
</tbody>
</table>
</div></section>
<section  class='av_textblock_section av-lh91ag2l-3e30d18734d239e470cbec2c81a71474'  itemscope="itemscope" itemtype="https://schema.org/CreativeWork" ><div class='avia_textblock'  itemprop="text" ><p style="text-align: center;"><strong>Sąd Koleżeński kadencji 2017-2022</strong></p>
<table>
<tbody>
<tr>
<td width="1046"><span style="font-size: 10pt;"><strong>Dr Jacek Majda &#8211; </strong>przewodniczący</span><br />
<span style="font-size: 10pt;"><em>Zakład Diagnostyki Laboratoryjnej, 4 Wojskowy Szpital Kliniczny w Wrocławiu</em></span></td>
</tr>
<tr>
<td width="1046"><span style="font-size: 10pt;"><strong>Mgr Ewa Brzezińska<br />
</strong></span><span style="font-size: 10pt;"><em>Zakład Diagnostyki Laboratoryjnej, Samodzielny Publiczny ZOZ w Sulechowie</em></span></td>
</tr>
<tr>
<td width="1046"><span style="font-size: 10pt;"><strong>Dr hab. Agnieszka Jankowska-Kulawy </strong></span><br />
<span style="font-size: 10pt;"><em>Zakład Medycyny Laboratoryjnej Katedra Biochemii Klinicznej, Gdański Uniwersytet Medyczny</em></span></td>
</tr>
<tr>
<td width="1046"><span style="font-size: 10pt;"><strong>Dr Magdalena Lampka</strong></span><br />
<span style="font-size: 10pt;"><em>Katedra Patobiochemii i Chemii Klinicznej, Uniwersytetu Medycznego w Bydgoszczy</em></span></td>
</tr>
<tr>
<td width="1046"><span style="font-size: 10pt;"><strong>Dr hab. Małgorzata Rusak<br />
</strong></span><span style="font-size: 10pt;"><em>Zakład Diagnostyki Hematologicznej, Uniwersytet Medyczny w Białymstoku</em></span></td>
</tr>
</tbody>
</table>
</div></section>
