{"id":5867,"date":"2026-03-23T08:17:21","date_gmt":"2026-03-23T07:17:21","guid":{"rendered":"https:\/\/ptdl.pl\/?page_id=5867"},"modified":"2026-03-23T08:19:17","modified_gmt":"2026-03-23T07:19:17","slug":"komisja-ds-tytulow-i-odznaczen","status":"publish","type":"page","link":"https:\/\/ptdl.pl\/index.php\/komisja-ds-tytulow-i-odznaczen\/","title":{"rendered":"Komisja ds. Tytu\u0142\u00f3w i Odznacze\u0144"},"content":{"rendered":"<article  class='iconbox iconbox_left av-mn2upjtp-5e70058166e2a833ee12ecc85f855a4e  avia-builder-el-0  el_before_av_icon_box  avia-builder-el-first '  itemscope=\"itemscope\" itemtype=\"https:\/\/schema.org\/CreativeWork\" ><div class=\"iconbox_content\"><header class=\"entry-content-header\"><div class=\"iconbox_icon heading-color\" aria-hidden='true' data-av_icon='\ue82d' data-av_iconfont='entypo-fontello'><\/div><h3 class='iconbox_content_title '  itemprop=\"headline\" >Regulamin przyznawania odznacze\u0144 i tytu\u0142\u00f3w<\/h3><\/header><div class='iconbox_content_container '  itemprop=\"text\" ><p style=\"text-align: center;\"><a href=\"https:\/\/ptdl.pl\/ptdl\/wp-content\/uploads\/2026\/03\/Regulamin-przyznawania-odznaczen-i-tytulow.pdf\" class=\"pdfemb-viewer\" style=\"width:900px;\" data-width=\"900\" data-height=\"max\" data-toolbar=\"both\" data-toolbar-fixed=\"off\">Regulamin przyznawania odznacze\u0144 i tytu\u0142\u00f3w<\/a><\/p>\n<\/div><\/div><footer class=\"entry-footer\"><\/footer><\/article>\n<article  class='iconbox iconbox_left av-mn2us0u5-84c22dd6e38221e17b33a776a63afad9  avia-builder-el-1  el_after_av_icon_box  avia-builder-el-last '  itemscope=\"itemscope\" itemtype=\"https:\/\/schema.org\/CreativeWork\" ><div class=\"iconbox_content\"><header class=\"entry-content-header\"><div class=\"iconbox_icon heading-color\" aria-hidden='true' data-av_icon='\ue82d' data-av_iconfont='entypo-fontello'><\/div><h3 class='iconbox_content_title '  itemprop=\"headline\" >Wniosek<\/h3><\/header><div class='iconbox_content_container '  itemprop=\"text\" ><p><a href=\"https:\/\/ptdl.pl\/ptdl\/wp-content\/uploads\/2026\/03\/WNIOSEK.docx\">WNIOSEK<\/a><\/p>\n<\/div><\/div><footer class=\"entry-footer\"><\/footer><\/article>\n","protected":false},"excerpt":{"rendered":"","protected":false},"author":1,"featured_media":0,"parent":0,"menu_order":0,"comment_status":"closed","ping_status":"closed","template":"","meta":{"footnotes":""},"class_list":["post-5867","page","type-page","status-publish","hentry"],"_links":{"self":[{"href":"https:\/\/ptdl.pl\/index.php\/wp-json\/wp\/v2\/pages\/5867","targetHints":{"allow":["GET"]}}],"collection":[{"href":"https:\/\/ptdl.pl\/index.php\/wp-json\/wp\/v2\/pages"}],"about":[{"href":"https:\/\/ptdl.pl\/index.php\/wp-json\/wp\/v2\/types\/page"}],"author":[{"embeddable":true,"href":"https:\/\/ptdl.pl\/index.php\/wp-json\/wp\/v2\/users\/1"}],"replies":[{"embeddable":true,"href":"https:\/\/ptdl.pl\/index.php\/wp-json\/wp\/v2\/comments?post=5867"}],"version-history":[{"count":3,"href":"https:\/\/ptdl.pl\/index.php\/wp-json\/wp\/v2\/pages\/5867\/revisions"}],"predecessor-version":[{"id":5875,"href":"https:\/\/ptdl.pl\/index.php\/wp-json\/wp\/v2\/pages\/5867\/revisions\/5875"}],"wp:attachment":[{"href":"https:\/\/ptdl.pl\/index.php\/wp-json\/wp\/v2\/media?parent=5867"}],"curies":[{"name":"wp","href":"https:\/\/api.w.org\/{rel}","templated":true}]}}